. Calculate the highest common divisor of 12 and y.
4
Let u be 1080/7 + 4/(-14). What is the highest common factor of u and 14?
14
Suppose -3*v = 3*y, 5*y + 1 = -4*v + 6. Let b be (-150)/(-3) - (v - -1). Calculate the greatest common factor of 6 and b.
6
Let y(k) = -k. Let x be y(6). Let p be (6/(-4))/(x/8). Let i be (p/6)/(2/234). Calculate the greatest common divisor of i and 13.
13
Let p(w) be the first derivative of -3*w**2/2 - 4*w + 4. Let o be p(-4). What is the greatest common divisor of o and 32?
8
Let r(s) = -298*s - 1. Let h be r(-1). Let u = -209 + h. Suppose 5*c - 4*m - 97 = -26, -m - 15 = -c. What is the greatest common divisor of c and u?
11
Let h = 4 + 16. Let n = 4 - 0. Calculate the highest common divisor of n and h.
4
Suppose -x - 4 = -34. Calculate the highest common divisor of 5 and x.
5
Suppose -7*m = -3*m - 528. Calculate the highest common divisor of 12 and m.
12
Let g = 19 + 1. Suppose -7 = -5*r + 4*a, -g = -0*r + 5*r + 5*a. Let i(x) = -144*x**3 + x. Let d be i(r). What is the highest common divisor of 13 and d?
13
Suppose 3*h + 0*h + 6 = 0. Let z be (-7)/(7/h) - -58. What is the highest common factor of z and 12?
12
Suppose 6 = l + l. Suppose 4*z + 54 = l*u, 5*u + 2*z = -z + 90. Calculate the greatest common factor of 12 and u.
6
Suppose 2*r = -3*x + 81, 3*r = -5*x - 0*x + 124. What is the highest common divisor of r and 22?
11
Let w be (0 + 1)*(36 + -2). Calculate the greatest common factor of w and 85.
17
Suppose 0 = -3*p + 3*s + 93, -5 - 5 = -5*s. Let z be (-2 - p/(-6))*2. What is the greatest common factor of z and 1?
1
Let m(l) = -l**3 - 3*l**2 + 4. Let r be m(-5). Let x be r/15 - (-2)/5. What is the highest common factor of 8 and x?
4
Let a be (-4)/(-4) + -1 + 0. Suppose 0*d - 5*d + 95 = a. What is the highest common divisor of 152 and d?
19
Let o be 130/(-4)*(-16)/20. Let w be (-100)/(-3) - (-4)/6. Let d = w - -31. What is the highest common factor of o and d?
13
Let a(z) = -41*z - 1. Let y be a(-1). Let v = 46 - -14. What is the highest common divisor of y and v?
20
Let m = 8 + -3. Let j be (1 - 6)/(12 - 13). What is the greatest common factor of j and m?
5
Suppose 0 = -3*u + 39 - 12. Let y = u - 6. Suppose -3*d - 2*m = -238, 5*d = y*m - 4*m + 399. What is the highest common divisor of d and 10?
10
Let v = 12 - 6. Suppose y = 20 + v. Calculate the greatest common factor of y and 65.
13
Let i = -3 + 9. Let t(l) = 22*l - 13. Let u be t(4). Let b = u - 27. Calculate the greatest common divisor of i and b.
6
Let a be (-6)/4 + 198/36. What is the highest common divisor of a and 20?
4
Suppose -253*n - 25 = -254*n. What is the greatest common divisor of n and 200?
25
Suppose -9 = -3*z, 5*t - 102 = -3*z + 187. Let i = -14 - -28. Let p = t - i. What is the greatest common factor of p and 6?
6
Suppose -5*n - 3*b = -121, 0 = -n - 3*b - 0*b + 29. What is the greatest common divisor of 23 and n?
23
Suppose -3 = -3*l - 0*l, 0 = -3*h + 4*l + 8. Suppose 0 = 3*u + 8 + h. Let d be (22/u)/(1/(-18)). Calculate the highest common factor of 11 and d.
11
Let k be 0/3 - 1 - -15. Let x = k - 13. What is the greatest common factor of x and 7?
1
Let w be (-36)/(-8)*52/6. Let n = w - 26. Calculate the highest common factor of 13 and n.
13
Let f = -76 + 85. Calculate the greatest common factor of 54 and f.
9
Let f(m) = -m + 10. Let u be f(7). Calculate the highest common divisor of 3 and u.
3
Let i be (5 - 4)/((-2)/16). Let c(k) = k**2 + 7*k + 7. Let s be c(i). What is the highest common factor of s and 165?
15
Let n(v) = -2*v + v**2 + v**2 - 3*v**2 - 3*v. Let h be n(-4). Calculate the greatest common divisor of h and 44.
4
Suppose 17 = 3*x + 4*v, 4*v = 5*x - 23 - 16. Calculate the greatest common divisor of 28 and x.
7
Let k(w) = -w - 2. Let l(c) = c. Let q(a) = -k(a) + l(a). Let r be q(3). What is the greatest common divisor of 56 and r?
8
Suppose -z = -3*t - 2*z + 37, 3*z + 6 = 0. Suppose n = 46 + 19. Calculate the greatest common divisor of n and t.
13
Let p be -2*(1 - 18/4). Let k = -2 - p. Let b be (k/(-6))/(2/28). What is the highest common factor of b and 7?
7
Let t(p) = 14*p + 63. Let r be t(5). What is the greatest common divisor of 19 and r?
19
Let c be 3*(-1)/(-3) + 5. Suppose c*q - q - 20 = 0. Calculate the greatest common divisor of 8 and q.
4
Suppose q + 14 = 3*q. Suppose 0*j - 77 = -j. What is the greatest common factor of q and j?
7
Let b = 66 - 33. Let z be (-3)/9 - (-10)/3. Calculate the greatest common divisor of b and z.
3
Let d be 65/(-3)*2*6/(-4). Calculate the greatest common divisor of 52 and d.
13
Suppose 4*f - 62 = -3*w - 18, 5*w - 3*f - 54 = 0. What is the highest common factor of 4 and w?
4
Let x be (-48)/(-1*6/4). What is the highest common divisor of 8 and x?
8
Suppose 3*v - 2*m - 21 = 4, 4*v + 2*m = 10. Suppose 98 = -4*h - 2*u, 25 = 4*u + u. Let t be (-141)/h - 2/9. Calculate the highest common factor of t and v.
5
Let b = -10 - -14. Suppose -b = -4*y + 4*h, -2*y - 3*h + 10 = -2. Let g be 13/y + (-4)/(-6). Calculate the highest common factor of g and 20.
5
Let g(y) = -y**2 + 5*y + 5. Let d be g(5). Let l(q) = -26*q + 160. Let s be l(5). What is the greatest common factor of s and d?
5
Let o = 287 - 147. Calculate the highest common factor of o and 20.
20
Let b = -418 + 602. Calculate the highest common divisor of 46 and b.
46
Let f(t) = 6*t**2 - 6*t - 2. Let k(h) = 6*h**2 - 5*h - 2. Let a(o) = -4*f(o) + 5*k(o). Let p be a(2). Calculate the greatest common factor of 30 and p.
10
Let w = -7 - -16. Calculate the greatest common divisor of 36 and w.
9
Suppose 6*i = 2*i + 88. Calculate the greatest common divisor of i and 33.
11
Let a = -8 + 5. Let j be (0 + a)*(3 - 2). Let s(l) = 3*l**2 + 3*l - 2. Let b be s(j). What is the greatest common divisor of 24 and b?
8
Let r be 3*(1 + (-1)/(-1)). Calculate the highest common factor of r and 1.
1
Let y = -6 + 11. Suppose 5*q - 5*d = 20, y*q + 0*d - d - 20 = 0. Calculate the greatest common divisor of 4 and q.
4
Let i(o) = o - 4. Let a be i(-5). Let x = a + 36. Calculate the highest common factor of x and 3.
3
Let c(h) = h + 15. Let j be c(13). What is the highest common divisor of j and 70?
14
Let g be (-111)/(-15) + (-4)/10. Let f be ((-8)/(-10))/((-2)/(-245)). Let a = f - 42. What is the highest common divisor of g and a?
7
Let v be (4/3)/(97/24 + -4). Suppose -4*w + 39 = 7. Calculate the highest common factor of v and w.
8
Suppose 0 = -4*x - x + 70. Let s be 9*-6*1/2. Let m = s + 62. What is the greatest common divisor of m and x?
7
Suppose 143 - 619 = -7*b. Let o be (34*(-1)/(-1))/2. What is the greatest common factor of o and b?
17
Let d(y) = -17*y + 22. Let i be d(-10). Calculate the greatest common divisor of i and 24.
24
Suppose 2*c - 210 = -c. Let h = -2 - 1. Let q = 25 - h. Calculate the highest common divisor of c and q.
14
Suppose -w + 2 = -h - 3, -2*h - 1 = w. Suppose -3*y + 6 = -45. Suppose y + 52 = w*t. What is the highest common factor of t and 69?
23
Suppose -2*m + 5 = -1. Suppose -m*n + 28 = -n. Suppose 10*t - 17*t = -686. Calculate the highest common factor of t and n.
14
Suppose 2*i + 21 = i. Let z = i + 54. What is the greatest common divisor of 22 and z?
11
Let w = 34 + -17. Suppose v - 5*o = w, -3*v - 1 = o - 4. Suppose 50 = 3*b + v*b. Calculate the highest common factor of b and 10.
10
Let i(x) = 26*x - 1. Let h be i(3). Suppose -c = c - 8, 0 = 3*b + 5*c - 131. Let a = b - 26. Calculate the highest common factor of a and h.
11
Let o = 66 + 88. Let k = 12 + 2. What is the greatest common divisor of o and k?
14
Let w = 23 + -13. Let c = -5 - -9. What is the highest common factor of c and w?
2
Let o(d) = -4*d**2 - 2*d + 2. Suppose -4*j + 3*j = 2. Let k be o(j). Let z be 2 - 5/(k/12). What is the highest common factor of z and 4?
4
Let m(k) = 6*k + 8 + 0*k**2 - 2*k**2 + k**2. Let h be m(7). What is the greatest common factor of 9 and h?
1
Let p be (-2)/(-11) - 1449/(-77). Let l = p + -11. Let r(m) = -m**3 - 2*m**2 + 2*m + 1. Let i be r(-3). Calculate the highest common divisor of l and i.
4
Suppose 0*q - 4*i + 52 = -5*q, 3*q + 44 = -4*i. Let m = q + 18. Suppose 2*h - 104 = -y, -7*h - y = -3*h - 212. What is the greatest common factor of m and h?
6
Suppose 2*i - 4*i + 54 = 0. Suppose 13 = 2*u - 5. What is the greatest common divisor of u and i?
9